{"id":670,"date":"2024-07-22T22:25:23","date_gmt":"2024-07-22T20:25:23","guid":{"rendered":"https:\/\/epic-brattain.185-194-237-190.plesk.page\/?post_type=product&#038;p=670"},"modified":"2024-07-22T22:25:23","modified_gmt":"2024-07-22T20:25:23","slug":"faqe-interneti-per-dasme","status":"publish","type":"product","link":"https:\/\/perjete.com\/?product=faqe-interneti-per-dasme","title":{"rendered":"Faqe interneti p\u00ebr dasm\u00eb"},"content":{"rendered":"<h3 class=\"whitespace-pre-wrap break-words\">Faqe interneti p\u00ebr dasm\u00eb<\/h3>\n<p class=\"whitespace-pre-wrap break-words\"><strong>Ne krijojm\u00eb faqen tuaj unike t\u00eb dasm\u00ebs:<\/strong><\/p>\n<ul class=\"-mt-1 list-disc space-y-2 pl-8\">\n<li class=\"whitespace-normal break-words\">T\u00eb gjitha fotot dhe videot n\u00eb nj\u00eb vend<\/li>\n<li class=\"whitespace-normal break-words\">Adres\u00eb personale <a href=\"http:\/\/www.emrijuaj.com\">www.emrijuaj.com<\/a><\/li>\n<li class=\"whitespace-normal break-words\">Ndani leht\u00eb kujtimet me t\u00eb af\u00ebrmit<\/li>\n<li class=\"whitespace-normal break-words\">Zgjidhje e plot\u00eb, pa nevoj\u00eb p\u00ebr aft\u00ebsi teknike<\/li>\n<li class=\"whitespace-normal break-words\">E sigurt dhe e optimizuar p\u00ebr celular<\/li>\n<\/ul>\n<p class=\"whitespace-pre-wrap break-words\">Faqja juaj personale, me t\u00eb gjitha kujtimet tuaja n\u00eb nj\u00eb vend.<\/p>\n<p class=\"whitespace-pre-wrap break-words\">\n","protected":false},"excerpt":{"rendered":"<p>Ne krijojm\u00eb faqen tuaj unike t\u00eb dasm\u00ebs, duke ruajtur t\u00eb gjitha fotot dhe videot n\u00eb nj\u00eb vend t\u00eb sigurt. Me adres\u00ebn tuaj personale www.emrijuaj.com, ju mund t\u00eb ndani leht\u00ebsisht kujtimet me t\u00eb af\u00ebrmit, pa pasur nevoj\u00eb p\u00ebr aft\u00ebsi teknike.<\/p>\n","protected":false},"featured_media":0,"comment_status":"open","ping_status":"closed","template":"","meta":[],"product_brand":[],"product_cat":[15],"product_tag":[],"class_list":{"0":"post-670","1":"product","2":"type-product","3":"status-publish","5":"product_cat-uncategorized","7":"first","8":"instock","9":"virtual","10":"sold-individually","11":"purchasable","12":"product-type-simple"},"_links":{"self":[{"href":"https:\/\/perjete.com\/index.php?rest_route=\/wp\/v2\/product\/670","targetHints":{"allow":["GET"]}}],"collection":[{"href":"https:\/\/perjete.com\/index.php?rest_route=\/wp\/v2\/product"}],"about":[{"href":"https:\/\/perjete.com\/index.php?rest_route=\/wp\/v2\/types\/product"}],"replies":[{"embeddable":true,"href":"https:\/\/perjete.com\/index.php?rest_route=%2Fwp%2Fv2%2Fcomments&post=670"}],"wp:attachment":[{"href":"https:\/\/perjete.com\/index.php?rest_route=%2Fwp%2Fv2%2Fmedia&parent=670"}],"wp:term":[{"taxonomy":"product_brand","embeddable":true,"href":"https:\/\/perjete.com\/index.php?rest_route=%2Fwp%2Fv2%2Fproduct_brand&post=670"},{"taxonomy":"product_cat","embeddable":true,"href":"https:\/\/perjete.com\/index.php?rest_route=%2Fwp%2Fv2%2Fproduct_cat&post=670"},{"taxonomy":"product_tag","embeddable":true,"href":"https:\/\/perjete.com\/index.php?rest_route=%2Fwp%2Fv2%2Fproduct_tag&post=670"}],"curies":[{"name":"wp","href":"https:\/\/api.w.org\/{rel}","templated":true}]}}